nder when 3754 is divided by 1791?
172
What is the remainder when 2115 is divided by 88?
3
Calculate the remainder when 5499 is divided by 183.
9
Calculate the remainder when 237227 is divided by 1135.
12
What is the remainder when 6206 is divided by 287?
179
What is the remainder when 1586 is divided by 124?
98
Calculate the remainder when 411449 is divided by 205718.
13
What is the remainder when 9257 is divided by 359?
282
What is the remainder when 419349 is divided by 20?
9
Calculate the remainder when 8579 is divided by 12.
11
Calculate the remainder when 182653 is divided by 1314.
7
Calculate the remainder when 98266 is divided by 431.
429
What is the remainder when 60845 is divided by 19?
7
Calculate the remainder when 7774 is divided by 7735.
39
What is the remainder when 4308 is divided by 1250?
558
Calculate the remainder when 337241 is divided by 1044.
29
What is the remainder when 8189 is divided by 126?
125
What is the remainder when 5164 is divided by 753?
646
Calculate the remainder when 2458 is divided by 110.
38
What is the remainder when 20220 is divided by 12?
0
Calculate the remainder when 8458 is divided by 69.
40
Calculate the remainder when 7296 is divided by 330.
36
Calculate the remainder when 802781 is divided by 27.
17
Calculate the remainder when 17582 is divided by 24.
14
Calculate the remainder when 2879 is divided by 193.
177
Calculate the remainder when 12357 is divided by 4098.
63
What is the remainder when 168861 is divided by 84409?
43
What is the remainder when 23489 is divided by 379?
370
What is the remainder when 2653 is divided by 544?
477
What is the remainder when 13161 is divided by 306?
3
Calculate the remainder when 12994 is divided by 461.
86
Calculate the remainder when 98985 is divided by 8.
1
Calculate the remainder when 3988 is divided by 12.
4
Calculate the remainder when 8932 is divided by 160.
132
What is the remainder when 62088 is divided by 180?
168
What is the remainder when 162015 is divided by 83?
82
What is the remainder when 10180 is divided by 2527?
72
Calculate the remainder when 21623 is divided by 147.
14
What is the remainder when 16155 is divided by 41?
1
Calculate the remainder when 991431 is divided by 58319.
8
Calculate the remainder when 89867 is divided by 247.
206
What is the remainder when 1862 is divided by 123?
17
What is the remainder when 5855 is divided by 2863?
129
Calculate the remainder when 83606 is divided by 81.
14
Calculate the remainder when 6163 is divided by 5729.
434
What is the remainder when 1719 is divided by 796?
127
Calculate the remainder when 653169 is divided by 31.
30
Calculate the remainder when 6093 is divided by 91.
87
What is the remainder when 33509 is divided by 47?
45
What is the remainder when 35504 is divided by 4436?
16
Calculate the remainder when 2228 is divided by 6.
2
What is the remainder when 13458 is divided by 275?
258
Calculate the remainder when 10562 is divided by 390.
32
Calculate the remainder when 96 is divided by 16.
0
What is the remainder when 256454 is divided by 4?
2
What is the remainder when 7254 is divided by 1034?
16
What is the remainder when 5160 is divided by 27?
3
Calculate the remainder when 12149 is divided by 2019.
35
What is the remainder when 9399 is divided by 47?
46
Calculate the remainder when 1214 is divided by 256.
190
What is the remainder when 110694 is divided by 55338?
18
What is the remainder when 88013 is divided by 81?
47
What is the remainder when 1144 is divided by 27?
10
What is the remainder when 7413 is divided by 37?
13
What is the remainder when 11845 is divided by 5872?
101
What is the remainder when 8716 is divided by 124?
36
Calculate the remainder when 7707 is divided by 2.
1
Calculate the remainder when 169 is divided by 162.
7
What is the remainder when 1276078 is divided by 15?
13
Calculate the remainder when 516632 is divided by 86104.
8
Calculate the remainder when 16906 is divided by 1304.
1258
Calculate the remainder when 6092 is divided by 1968.
188
What is the remainder when 4712 is divided by 67?
22
What is the remainder when 7905 is divided by 7859?
46
Calculate the remainder when 15378 is divided by 9.
6
Calculate the remainder when 735 is divided by 193.
156
Calculate the remainder when 1288 is divided by 4.
0
What is the remainder when 194672 is divided by 89?
29
Calculate the remainder when 8640 is divided by 858.
60
What is the remainder when 4044 is divided by 406?
390
Calculate the remainder when 20756 is divided by 266.
8
Calculate the remainder when 31284 is divided by 33.
0
Calculate the remainder when 101723 is divided by 33892.
47
What is the remainder when 397331 is divided by 7095?
11
Calculate the remainder when 858 is divided by 160.
58
Calculate the remainder when 35685 is divided by 86.
81
What is the remainder when 93133 is divided by 435?
43
What is the remainder when 34175 is divided by 46?
43
Calculate the remainder when 122334 is divided by 30558.
102
Calculate the remainder when 2806144 is divided by 18.
16
Calculate the remainder when 397173 is divided by 152.
149
What is the remainder when 2594 is divided by 2499?
95
Calculate the remainder when 246 is divided by 151.
95
What is the remainder when 708816 is divided by 61?
57
What is the remainder when 34540 is divided by 17174?
192
Calculate the remainder when 7447 is divided by 2475.
22
What is the remainder when 1065490 is divided by 130?
10
Calculate the remainder when 12100 is divided by 506.
462
Calculate the remainder when 8318 is divided by 38.
34
Calculate the remainder when 826 is divided by 228.
142
What is the remainder when 6948 is divided by 155?
128
Calculate the remainder when 149648 is divided by 21.
2
What is the remainder when 107097 is divided by 64?
25
What is the remainder when 19623 is divided by 563?
481
Calculate the remainder when 95477 is divided by 116.
9
What is the remainder when 1765 is divided by 166?
105
Calculate the remainder when 31514 is divided by 426.
416
Calculate the remainder when 18924 is divided by 16.
12
Calculate the remainder when 4885 is divided by 130.
75
What is the remainder when 3533 is divided by 911?
800
Calculate the remainder when 406126 is divided by 36920.
6
What is the remainder when 2398 is divided by 284?
126
Calculate the remainder when 159266 is divided by 15.
11
What is the remainder when 900 is divided by 187?
152
What is the remainder when 72672 is divided by 358?
356
What is the remainder when 1024170 is divided by 57?
51
What is the remainder when 108261 is divided by 506?
483
Calculate the remainder when 21776 is divided by 3064.
328
What is the remainder when 2467 is divided by 78?
49
Calculate the remainder when 213192 is divided by 53296.
8
Calculate the remainder when 3471785 is divided by 4.
1
What is the remainder when 6136 is divided by 438?
4
What is the remainder when 889247 is divided by 28?
23
What is the remainder when 40692 is divided by 188?
84
What is the remainder when 9080 is divided by 8936?
144
Calculate the remainder when 442653 is divided by 80.
13
What is the remainder when 14293 is divided by 104?
45
What is the remainder when 355 is divided by 176?
3
Calculate the remainder when 2200 is divided by 787.
626
What is the remainder when 59952 is divided by 61?
50
What is the remainder when 137486 is divided by 68732?
22
What is the remainder when 17699 is divided by 2205?
59
Calculate the remainder when 6610 is divided by 119.
65
Calculate the remainder when 8970 is divided by 249.
6
What is the remainder when 37610 is divided by 1392?
26
What is the remainder when 23167 is divided by 23132?
35
Calculate the remainder when 3163 is divided by 127.
115
What is the remainder when 16810 is divided by 40?
10
What is the remainder when 111756 is divided by 771?
732
What is the remainder when 20443 is divided by 6814?
1
What is the remainder when 1103 is divided by 295?
218
Calculate the remainder when 18901 is divided by 26.
25
Calculate the remainder when 1603050 is divided by 229007.
1
Calculate the remainder when 776 is divided by 17.
11
Calculate the remainder when 38316 is divided by 37.
21
Calculate the remainder when 42365 is divided by 199.
177
Calculate the remainder when 18405 is divided by 13.
10
Wh